-10)/s) - -1. Suppose -u = -v - v. What is the highest common factor of 36 and v?
9
Let j be ((-48)/8)/(105/(-24) - -4). Let z be (2/4)/((-10)/(-300)). Let n be 160/z*(-45)/(-12). Calculate the greatest common divisor of n and j.
8
Let o be 8/16 + (34/4)/1. Suppose -9885 = -o*a + 8313. Suppose -15*g - 342 + a = 0. What is the highest common factor of g and 32?
16
Let t(i) = 111*i + 2116. Let u be t(-19). What is the greatest common divisor of u and 673?
1
Let t be ((-2)/(-6) - (-356)/(-60))*-5. Let g(o) = 3*o**3 + 46*o**2 + 43*o. Let q be g(-14). What is the highest common divisor of q and t?
14
Let m(b) = b**2 - b - 6. Let l be m(3). Suppose 5*z + 101 = 2*t, l = -5*t + 5*z + 67 + 223. Calculate the greatest common factor of 18 and t.
9
Let d(b) = -88*b + 6. Let f(a) = 6*a + 9. Let n be f(-2). Let x be d(n). Let k = x - 39. Calculate the greatest common divisor of k and 21.
21
Let s be 10*(-1 + (-102)/12). Let j = s + 123. What is the highest common factor of 84 and j?
28
Let m be (165/(-4))/(-11) + (3 - (-105)/(-28)). What is the highest common factor of 151 and m?
1
Let x = -521 + 525. Suppose 3*a - 94 = -4*s, -5*s + 90 = x*a - 28. What is the greatest common factor of 330 and s?
22
Let q(r) = 145*r + 18. Let v be q(8). Suppose -138*y + 902*y - 47368 = 0. Calculate the greatest common divisor of y and v.
62
Let k(j) = -74 - 17 + 3 + 1 - 89 + 6*j. Let i be k(31). Calculate the greatest common factor of 5 and i.
5
Suppose -57*m + 141*m = 1512. What is the greatest common factor of 288 and m?
18
Let p = 34 - 29. Suppose 0 = -0*y - 5*y - p. Let x(b) = -8*b**3 - 2*b - 2. Let c be x(y). Calculate the highest common factor of 4 and c.
4
Suppose -3*a + 5*i - 112 = i, 10 = -5*i. Let f be 0 - (0 - -1)*-2. Let c be (a/(-35))/(f/7). What is the greatest common factor of 32 and c?
4
Let i be 4752/40 + (-1)/(-5). Let m = -2501 + 2518. Calculate the greatest common divisor of m and i.
17
Let t be ((-585)/(-2))/((-11811)/496 - -24). What is the greatest common divisor of 720 and t?
120
Suppose -252*i + 125926 + 15194 = 0. Calculate the highest common factor of 22680 and i.
280
Let d be 30/12*(-44)/(-10). Let a be 2 + 738 - (220/20 - 19). What is the greatest common factor of a and d?
11
Suppose 2*o - 17*o + 33711 = 3036. What is the greatest common divisor of o and 35?
5
Let i(j) = -j**3 - 4*j**2 + 2*j + 1. Let z be i(-5). Let k = 1408 - 1402. What is the greatest common factor of z and k?
2
Let u be 4/(-38) - (-5808)/304. Let l = 21 - u. Suppose -3*f + 8 = l*b, -4*f - b - 3 = -17. What is the greatest common divisor of 20 and f?
4
Let o = -71 + 162. Let h = o - 45. Suppose 185*n - 1638 = 2617. Calculate the highest common factor of n and h.
23
Let o(y) = -38*y + 79. Let v(k) = -12*k - 187. Let l be v(-15). Let a be o(l). What is the greatest common divisor of a and 138?
69
Suppose 21*x = -34*x + 16500. Calculate the greatest common factor of x and 1320.
60
Let g(p) = p**2 - 9*p + 10. Let r be g(10). Suppose -r*n = -142 - 1698. What is the highest common factor of 138 and n?
46
Suppose 0 = 53*o - 1482 + 157. Calculate the greatest common divisor of o and 85.
5
Suppose 296*h + 13189 = 307*h. What is the highest common divisor of h and 109?
109
Suppose -49929 - 10873 = -2*v - l, -4 = -2*l. What is the highest common divisor of v and 76?
76
Suppose 0*o - i = o + 36, 5*o = 2*i - 215. Let z = o + 34. Let l(v) = -v**3 - 9*v**2 - 23*v + 2. Let x be l(z). What is the greatest common divisor of x and 13?
13
Suppose 4*z - 144 = 2*z - 7*z. Calculate the highest common factor of 2312 and z.
8
Suppose -14 = -2*a - 10. Suppose -8 = 2*j, -2*j + 268 = -4*b - 5*j. Let n be (-1 - b/10) + (-4)/10. What is the highest common divisor of a and n?
1
Let k = 404 - 236. Let g(u) = -2*u**3 - 41*u**2 + 19*u - 21. Let h be g(-21). Calculate the greatest common factor of h and k.
21
Let x be (-4)/(-12) + 76/6. Let h be 7*13951/203 - (-22)/319*-1. Calculate the highest common factor of h and x.
13
Let b(h) = 2570*h**2 + h - 1. Let r be b(1). Suppose 0*d = 5*d - r. Let j = -314 + d. Calculate the greatest common factor of 25 and j.
25
Let f = 40 - 37. Suppose 0*u + 2*u + 2*n - 14 = 0, -2*n = f*u - 25. Suppose -w + 38 = u. What is the highest common divisor of w and 216?
27
Let s = -124 - -124. Suppose -5 = n, -4*l + 9*l + 2*n - 620 = s. Suppose -36 - l = -6*j. Calculate the highest common divisor of j and 81.
27
Suppose 755*h = 5*w + 760*h - 540, 3*w - 5*h = 292. Calculate the greatest common divisor of w and 12792.
104
Suppose 0 = 16*u + 14*u - 73 - 197. What is the greatest common divisor of 4707 and u?
9
Suppose 28897 = 16*h + 5*k, -9*h = -13*h - k + 7225. Calculate the highest common divisor of h and 556.
139
Let f be (-1)/(12/(-90))*4/6. Let q be (-92)/(-22) + (-14)/77. Suppose 2*j = -q*i + 52, 0*j = f*i + 4*j - 59. What is the greatest common factor of 5 and i?
5
Let u be -121 + 4 - (7 + -2 + -2). Let k be (18/15)/((-9)/u). Let f(q) = 39*q + 2. Let h be f(2). What is the highest common factor of h and k?
16
Let i be (-14 + 11)*((-76)/(-3))/1. Let p = 188 + i. What is the greatest common divisor of 84 and p?
28
Let l(f) = 2*f + 9. Let m be l(12). Suppose -3*a + m = 4*x, 3*x - a - 16 = -5*a. Let y be ((-1)/4 - (-579)/x)*3. What is the greatest common factor of 16 and y?
16
Let z(o) = -o**2 + 8*o - 7. Let a be z(14). Let x be 300/14 + (-52)/a. Calculate the greatest common divisor of x and 22.
22
Suppose 62 = 18*t - 532. Calculate the greatest common divisor of t and 2508.
33
Let x be (-4)/(-1) + 8 + -13 + 6. Suppose -7*o + x*o = -324. Calculate the highest common divisor of 27 and o.
27
Let o(l) = 11*l**3 + 5*l**2 - 5*l + 4. Let t be o(2). Calculate the highest common factor of 254 and t.
2
Suppose 4*b - 4 = 0, -3*a + 8*a + b - 26 = 0. Suppose a*n - 3*n - 28 = 0. Suppose 55*k = 56*k - 154. What is the greatest common divisor of n and k?
14
Let l(x) = 2*x**2 - 49*x - 21. Let u be l(25). Suppose -k + 18 - 62 = -u*t, 0 = -t - 2*k + 11. What is the highest common factor of 99 and t?
11
Let g(w) = 2*w - 4. Let j be g(4). Let y(s) = 2*s - 3991 + 1997 + 1989. Let v be y(j). Calculate the highest common divisor of 15 and v.
3
Let k = -20680 + 20718. Calculate the highest common factor of 68 and k.
2
Let u = 43 - 27. Suppose -2*l - 4*i + 1 + 5 = 0, 0 = -5*l + 5*i + 30. Suppose 0 = -4*f + l*f - 16. Calculate the highest common divisor of f and u.
16
Let i = -2727 + 2808. Suppose -4*c + 128 = -4*u, c + 3*c - 103 = -u. What is the highest common factor of c and i?
27
Suppose -5*n - 20 = -15*n. Suppose 5*b + 10 = -10, 3*d + 11 = -n*b. Let z(h) = -9*h - 1. Let j be z(d). Calculate the greatest common factor of j and 16.
8
Let b be (-4)/22 - 59334/(-242). Suppose -58*r + 53*r + b = 0. Calculate the highest common divisor of r and 392.
49
Suppose -d + 1184 = -5*z + 302, -3*d + z = -2548. Calculate the highest common divisor of 616 and d.
77
Suppose -c + r - 5645 + 21104 = 0, 2*r - 77316 = -5*c. Calculate the highest common factor of c and 18.
18
Let q(d) = -34*d - 715. Let h be q(-34). What is the greatest common factor of h and 504?
63
Suppose 28 - 13 = -5*x, -2*p = x - 3. Let b be (-66)/(6 - 7)*1/p. Calculate the highest common factor of 297 and b.
11
Let i be 109/327*0/2 - -18. Let n be (87/2)/(2/24). Calculate the highest common divisor of i and n.
18
Suppose -22*c - 52*c + 51*c + 55384 = 0. Calculate the highest common factor of 336 and c.
56
Let z be 564/705 + (-186)/(-5). Calculate the highest common divisor of z and 46.
2
Let j be 777/(-6)*256/(-224). What is the greatest common factor of 30784 and j?
148
Suppose -6*t + 8 = 8. Suppose t = 9*g - 8 - 217. Let i(r) = r**3 + 5*r**2 - 8*r - 2. Let v be i(-6). What is the highest common divisor of g and v?
5
Let r(s) = s**3 + 6*s**2 - 6*s - 5. Let v be r(6). Let p = 119896 - 119828. Calculate the greatest common divisor of p and v.
17
Suppose 0 = 3*c - 8*c + 5*s + 320, 0 = -3*s + 15. Calculate the highest common divisor of 621 and c.
69
Suppose -13 = -5*v + 12. Suppose j + 8 = m, 0 = j - v*j - 5*m + 13. Let a be j/(-4) + ((-1926)/8)/(-3). What is the greatest common divisor of a and 27?
27
Suppose -5*r = -5*a - 2785, 2*r - 951 = 4*a + 171. Let n = r + -551. What is the highest common divisor of n and 18?
2
Suppose 0 = 4*n + 22 - 110. Let l be